{"id":2008,"date":"2022-03-31T17:25:15","date_gmt":"2022-03-31T14:25:15","guid":{"rendered":"http:\/\/yasinseramik.com\/?page_id=2008"},"modified":"2022-04-01T21:02:53","modified_gmt":"2022-04-01T18:02:53","slug":"renk","status":"publish","type":"page","link":"http:\/\/yasinseramik.com\/index.php\/renk\/","title":{"rendered":"Renk"},"content":{"rendered":"<!--themify_builder_content-->\n<div id=\"themify_builder_content-2008\" data-postid=\"2008\" class=\"themify_builder_content themify_builder_content-2008 themify_builder tf_clear\">\n    \t<!-- module_row -->\n\t<div  data-lazy=\"1\" class=\"module_row themify_builder_row tb_e9ge842 tb_first tf_clearfix\">\n\t    \t\t<div class=\"row_inner col_align_top col-count-6 tf_box tf_w tf_rel\">\n\t\t\t<div  data-lazy=\"1\" class=\"module_column tb-column col6-1 first tb_2jef843 tf_box\">\n\t\t\t    \t        <div class=\"tb-column-inner tf_box tf_w\">\n\t\t    <!-- module image -->\n<div  class=\"module module-image tb_jfkk558   image-top tf_mw hover-wow\" data-tf-animation_hover=\"pulse\" data-lazy=\"1\">\n        <div class=\"image-wrap tf_rel tf_mw\">\n\t\t    <a href=\"http:\/\/yasinseramik.com\/index.php\/beyaz\/\"\n\t       \t       >\n\t\t   \t\t<img loading=\"lazy\" decoding=\"async\" width=\"180\" height=\"280\" src=\"http:\/\/yasinseramik.com\/wp-content\/uploads\/2022\/04\/beyaz-2_w180_h280.jpg\" class=\"wp-post-image wp-image-2562\" title=\"beyaz-2_w180_h280\" alt=\"beyaz-2_w180_h280\">\t    <\/a>\n\t\n\t\t<\/div>\n\t<!-- \/image-wrap -->\n    \n    \t<\/div>\n<!-- \/module image --><!-- module text -->\n<div  class=\"module module-text tb_9gma349   \" data-lazy=\"1\">\n        <div  class=\"tb_text_wrap\">\n    <p>Beyaz<\/p>    <\/div>\n<\/div>\n<!-- \/module text -->\t        <\/div>\n\t    \t<\/div>\n\t\t<div  data-lazy=\"1\" class=\"module_column tb-column col6-1 second tb_sz91843 tf_box\">\n\t\t\t    \t        <div class=\"tb-column-inner tf_box tf_w\">\n\t\t    <!-- module image -->\n<div  class=\"module module-image tb_7i5i76   image-top tf_mw hover-wow\" data-tf-animation_hover=\"pulse\" data-lazy=\"1\">\n        <div class=\"image-wrap tf_rel tf_mw\">\n\t\t    <a href=\"http:\/\/yasinseramik.com\/index.php\/bone\"\n\t       \t       >\n\t\t   \t\t<img loading=\"lazy\" decoding=\"async\" width=\"180\" height=\"280\" src=\"http:\/\/yasinseramik.com\/wp-content\/uploads\/2022\/04\/bone-1_w180_h280.jpg\" class=\"wp-post-image wp-image-2563\" title=\"bone-1_w180_h280\" alt=\"bone-1_w180_h280\">\t    <\/a>\n\t\n\t\t<\/div>\n\t<!-- \/image-wrap -->\n    \n    \t<\/div>\n<!-- \/module image --><!-- module text -->\n<div  class=\"module module-text tb_q2ua978   \" data-lazy=\"1\">\n        <div  class=\"tb_text_wrap\">\n    <p>Bone<\/p>    <\/div>\n<\/div>\n<!-- \/module text -->\t        <\/div>\n\t    \t<\/div>\n\t\t<div  data-lazy=\"1\" class=\"module_column tb-column col6-1 third tb_rccy843 tf_box\">\n\t\t\t    \t        <div class=\"tb-column-inner tf_box tf_w\">\n\t\t    <!-- module image -->\n<div  class=\"module module-image tb_e3ag194   image-top tf_mw hover-wow\" data-tf-animation_hover=\"pulse\" data-lazy=\"1\">\n        <div class=\"image-wrap tf_rel tf_mw\">\n\t\t    <a href=\"http:\/\/yasinseramik.com\/index.php\/bej\"\n\t       \t       >\n\t\t   \t\t<img loading=\"lazy\" decoding=\"async\" width=\"180\" height=\"280\" src=\"http:\/\/yasinseramik.com\/wp-content\/uploads\/2022\/04\/bej-2_w180_h280.jpg\" class=\"wp-post-image wp-image-2570\" title=\"bej-2_w180_h280\" alt=\"bej-2_w180_h280\">\t    <\/a>\n\t\n\t\t<\/div>\n\t<!-- \/image-wrap -->\n    \n    \t<\/div>\n<!-- \/module image --><!-- module text -->\n<div  class=\"module module-text tb_98c8420   \" data-lazy=\"1\">\n        <div  class=\"tb_text_wrap\">\n    <p>Bej<\/p>    <\/div>\n<\/div>\n<!-- \/module text -->\t        <\/div>\n\t    \t<\/div>\n\t\t<div  data-lazy=\"1\" class=\"module_column tb-column col6-1 fourth tb_6ozj843 tf_box\">\n\t\t\t    \t        <div class=\"tb-column-inner tf_box tf_w\">\n\t\t    <!-- module image -->\n<div  class=\"module module-image tb_si62771   image-top tf_mw hover-wow\" data-tf-animation_hover=\"pulse\" data-lazy=\"1\">\n        <div class=\"image-wrap tf_rel tf_mw\">\n\t\t    <a href=\"http:\/\/yasinseramik.com\/index.php\/gri\"\n\t       \t       >\n\t\t   \t\t<img loading=\"lazy\" decoding=\"async\" width=\"180\" height=\"280\" src=\"http:\/\/yasinseramik.com\/wp-content\/uploads\/2022\/04\/gri-2_w180_h280.jpg\" class=\"wp-post-image wp-image-2565\" title=\"gri-2_w180_h280\" alt=\"gri-2_w180_h280\">\t    <\/a>\n\t\n\t\t<\/div>\n\t<!-- \/image-wrap -->\n    \n    \t<\/div>\n<!-- \/module image --><!-- module text -->\n<div  class=\"module module-text tb_da1c882   \" data-lazy=\"1\">\n        <div  class=\"tb_text_wrap\">\n    <p>Gri<\/p>    <\/div>\n<\/div>\n<!-- \/module text -->\t        <\/div>\n\t    \t<\/div>\n\t\t<div  data-lazy=\"1\" class=\"module_column tb-column col6-1 fifth tb_eue8843 tf_box\">\n\t\t\t    \t        <div class=\"tb-column-inner tf_box tf_w\">\n\t\t    <!-- module image -->\n<div  class=\"module module-image tb_n32v924   image-top tf_mw hover-wow\" data-tf-animation_hover=\"pulse\" data-lazy=\"1\">\n        <div class=\"image-wrap tf_rel tf_mw\">\n\t\t    <a href=\"http:\/\/yasinseramik.com\/index.php\/fume\"\n\t       \t       >\n\t\t   \t\t<img loading=\"lazy\" decoding=\"async\" width=\"160\" height=\"249\" src=\"http:\/\/yasinseramik.com\/wp-content\/uploads\/2022\/04\/fume_w180_h280.jpg\" class=\"wp-post-image wp-image-2564\" title=\"fume_w180_h280\" alt=\"fume_w180_h280\">\t    <\/a>\n\t\n\t\t<\/div>\n\t<!-- \/image-wrap -->\n    \n    \t<\/div>\n<!-- \/module image --><!-- module text -->\n<div  class=\"module module-text tb_yxps594   \" data-lazy=\"1\">\n        <div  class=\"tb_text_wrap\">\n    <p>F\u00fcme<\/p>    <\/div>\n<\/div>\n<!-- \/module text -->\t        <\/div>\n\t    \t<\/div>\n\t\t<div  data-lazy=\"1\" class=\"module_column tb-column col6-1 last tb_wa0n843 tf_box\">\n\t\t\t    \t        <div class=\"tb-column-inner tf_box tf_w\">\n\t\t    <!-- module image -->\n<div  class=\"module module-image tb_k3x4611   image-top tf_mw hover-wow\" data-tf-animation_hover=\"pulse\" data-lazy=\"1\">\n        <div class=\"image-wrap tf_rel tf_mw\">\n\t\t    <a href=\"http:\/\/yasinseramik.com\/index.php\/kahve\"\n\t       \t       >\n\t\t   \t\t<img loading=\"lazy\" decoding=\"async\" width=\"180\" height=\"280\" src=\"http:\/\/yasinseramik.com\/wp-content\/uploads\/2022\/04\/kahve-2_w180_h280.jpg\" class=\"wp-post-image wp-image-2566\" title=\"kahve-2_w180_h280\" alt=\"kahve-2_w180_h280\">\t    <\/a>\n\t\n\t\t<\/div>\n\t<!-- \/image-wrap -->\n    \n    \t<\/div>\n<!-- \/module image --><!-- module text -->\n<div  class=\"module module-text tb_8od7896   \" data-lazy=\"1\">\n        <div  class=\"tb_text_wrap\">\n    <p>Kahve<\/p>    <\/div>\n<\/div>\n<!-- \/module text -->\t        <\/div>\n\t    \t<\/div>\n\t\t    <\/div>\n\t    <!-- \/row_inner -->\n\t<\/div>\n\t<!-- \/module_row -->\n\t\t<!-- module_row -->\n\t<div  data-lazy=\"1\" class=\"module_row themify_builder_row tb_xmpf511 tf_clearfix\" >\n\t    \t\t<div class=\"row_inner col_align_top col-count-6 tf_box tf_w tf_rel\">\n\t\t\t<div  data-lazy=\"1\" class=\"module_column tb-column col6-1 first tb_notm511 tf_box\">\n\t\t\t    \t        <div class=\"tb-column-inner tf_box tf_w\">\n\t\t    <!-- module image -->\n<div  class=\"module module-image tb_3szn92   image-top tf_mw hover-wow\" data-tf-animation_hover=\"pulse\" data-lazy=\"1\">\n        <div class=\"image-wrap tf_rel tf_mw\">\n\t\t    <a href=\"http:\/\/yasinseramik.com\/index.php\/mavi\"\n\t       \t       >\n\t\t   \t\t<img loading=\"lazy\" decoding=\"async\" width=\"180\" height=\"280\" src=\"http:\/\/yasinseramik.com\/wp-content\/uploads\/2022\/04\/mavi-1_w180_h280.jpg\" class=\"wp-post-image wp-image-2567\" title=\"mavi-1_w180_h280\" alt=\"mavi-1_w180_h280\">\t    <\/a>\n\t\n\t\t<\/div>\n\t<!-- \/image-wrap -->\n    \n    \t<\/div>\n<!-- \/module image --><!-- module text -->\n<div  class=\"module module-text tb_ee2m246   \" data-lazy=\"1\">\n        <div  class=\"tb_text_wrap\">\n    <p>Mavi<\/p>    <\/div>\n<\/div>\n<!-- \/module text -->\t        <\/div>\n\t    \t<\/div>\n\t\t<div  data-lazy=\"1\" class=\"module_column tb-column col6-1 second tb_622e512 tf_box\">\n\t\t\t    \t        <div class=\"tb-column-inner tf_box tf_w\">\n\t\t    <!-- module image -->\n<div  class=\"module module-image tb_x5ah694   image-top tf_mw hover-wow\" data-tf-animation_hover=\"pulse\" data-lazy=\"1\">\n        <div class=\"image-wrap tf_rel tf_mw\">\n\t\t    <a href=\"http:\/\/yasinseramik.com\/index.php\/siyah\"\n\t       \t       >\n\t\t   \t\t<img loading=\"lazy\" decoding=\"async\" width=\"180\" height=\"280\" src=\"http:\/\/yasinseramik.com\/wp-content\/uploads\/2022\/04\/siyah-1_w180_h280.jpg\" class=\"wp-post-image wp-image-2568\" title=\"siyah-1_w180_h280\" alt=\"siyah-1_w180_h280\">\t    <\/a>\n\t\n\t\t<\/div>\n\t<!-- \/image-wrap -->\n    \n    \t<\/div>\n<!-- \/module image --><!-- module text -->\n<div  class=\"module module-text tb_579w610   \" data-lazy=\"1\">\n        <div  class=\"tb_text_wrap\">\n    <p>Siyah<\/p>    <\/div>\n<\/div>\n<!-- \/module text -->\t        <\/div>\n\t    \t<\/div>\n\t\t<div  data-lazy=\"1\" class=\"module_column tb-column col6-1 third tb_4siu512 tf_box\">\n\t\t\t    \t        <div class=\"tb-column-inner tf_box tf_w\">\n\t\t    <!-- module image -->\n<div  class=\"module module-image tb_br4u391   image-top tf_mw hover-wow\" data-tf-animation_hover=\"pulse\" data-lazy=\"1\">\n        <div class=\"image-wrap tf_rel tf_mw\">\n\t\t    <a href=\"http:\/\/yasinseramik.com\/index.php\/yesil\"\n\t       \t       >\n\t\t   \t\t<img loading=\"lazy\" decoding=\"async\" width=\"160\" height=\"249\" src=\"http:\/\/yasinseramik.com\/wp-content\/uploads\/2022\/04\/yesil_w180_h280.jpg\" class=\"wp-post-image wp-image-2569\" title=\"yesil_w180_h280\" alt=\"yesil_w180_h280\">\t    <\/a>\n\t\n\t\t<\/div>\n\t<!-- \/image-wrap -->\n    \n    \t<\/div>\n<!-- \/module image --><!-- module text -->\n<div  class=\"module module-text tb_9m3j204   \" data-lazy=\"1\">\n        <div  class=\"tb_text_wrap\">\n    <p>Ye\u015fil<\/p>    <\/div>\n<\/div>\n<!-- \/module text -->\t        <\/div>\n\t    \t<\/div>\n\t\t<div  data-lazy=\"1\" class=\"module_column tb-column col6-1 fourth tb_wzz4512 tf_box\">\n\t\t\t    \t        <div class=\"tb-column-inner tf_box tf_w\">\n\t\t    <!-- module image -->\n<div  class=\"module module-image tb_8pk1919   image-top tf_mw\" data-lazy=\"1\">\n        <div class=\"image-wrap tf_rel tf_mw\">\n\t\t    \t\n\t\t<\/div>\n\t<!-- \/image-wrap -->\n    \n    \t<\/div>\n<!-- \/module image -->\t        <\/div>\n\t    \t<\/div>\n\t\t<div  data-lazy=\"1\" class=\"module_column tb-column col6-1 fifth tb_n5ha512 tf_box\">\n\t\t\t    \t<\/div>\n\t\t<div  data-lazy=\"1\" class=\"module_column tb-column col6-1 last tb_t76o512 tf_box\">\n\t\t\t    \t<\/div>\n\t\t    <\/div>\n\t    <!-- \/row_inner -->\n\t<\/div>\n\t<!-- \/module_row -->\n\t<\/div>\n<!--\/themify_builder_content-->","protected":false},"excerpt":{"rendered":"<p>Beyaz Bone Bej Gri F\u00fcme Kahve Mavi Siyah Ye\u015fil<\/p>\n","protected":false},"author":1,"featured_media":0,"parent":0,"menu_order":0,"comment_status":"closed","ping_status":"closed","template":"","meta":{"footnotes":""},"class_list":["post-2008","page","type-page","status-publish","hentry"],"yoast_head":"<!-- This site is optimized with the Yoast SEO plugin v18.4.1 - https:\/\/yoast.com\/wordpress\/plugins\/seo\/ -->\n<title>Renk - Yasin Yap\u0131<\/title>\n<meta name=\"robots\" content=\"index, follow, max-snippet:-1, max-image-preview:large, max-video-preview:-1\" \/>\n<link rel=\"canonical\" href=\"http:\/\/yasinseramik.com\/index.php\/renk\/\" \/>\n<meta property=\"og:locale\" content=\"tr_TR\" \/>\n<meta property=\"og:type\" content=\"article\" \/>\n<meta property=\"og:title\" content=\"Renk - Yasin Yap\u0131\" \/>\n<meta property=\"og:description\" content=\"Beyaz Bone Bej Gri F\u00fcme Kahve Mavi Siyah Ye\u015fil\" \/>\n<meta property=\"og:url\" content=\"http:\/\/yasinseramik.com\/index.php\/renk\/\" \/>\n<meta property=\"og:site_name\" content=\"Yasin Yap\u0131\" \/>\n<meta property=\"article:modified_time\" content=\"2022-04-01T18:02:53+00:00\" \/>\n<meta property=\"og:image\" content=\"http:\/\/yasinseramik.com\/wp-content\/uploads\/2022\/04\/beyaz-2_w180_h280.jpg\" \/>\n<meta name=\"twitter:card\" content=\"summary_large_image\" \/>\n<script type=\"application\/ld+json\" class=\"yoast-schema-graph\">{\"@context\":\"https:\/\/schema.org\",\"@graph\":[{\"@type\":\"Organization\",\"@id\":\"http:\/\/yasinseramik.com\/#organization\",\"name\":\"Yasin Yap\u0131\",\"url\":\"http:\/\/yasinseramik.com\/\",\"sameAs\":[],\"logo\":{\"@type\":\"ImageObject\",\"@id\":\"http:\/\/yasinseramik.com\/#logo\",\"inLanguage\":\"tr\",\"url\":\"http:\/\/yasinseramik.com\/wp-content\/uploads\/2022\/03\/cropped-cropped-cropped-HH_preview_rev_1-1.png\",\"contentUrl\":\"http:\/\/yasinseramik.com\/wp-content\/uploads\/2022\/03\/cropped-cropped-cropped-HH_preview_rev_1-1.png\",\"width\":196,\"height\":228,\"caption\":\"Yasin Yap\u0131\"},\"image\":{\"@id\":\"http:\/\/yasinseramik.com\/#logo\"}},{\"@type\":\"WebSite\",\"@id\":\"http:\/\/yasinseramik.com\/#website\",\"url\":\"http:\/\/yasinseramik.com\/\",\"name\":\"Yasin Yap\u0131\",\"description\":\"Yap\u0131 Malzemeleri\",\"publisher\":{\"@id\":\"http:\/\/yasinseramik.com\/#organization\"},\"potentialAction\":[{\"@type\":\"SearchAction\",\"target\":{\"@type\":\"EntryPoint\",\"urlTemplate\":\"http:\/\/yasinseramik.com\/?s={search_term_string}\"},\"query-input\":\"required name=search_term_string\"}],\"inLanguage\":\"tr\"},{\"@type\":\"ImageObject\",\"@id\":\"http:\/\/yasinseramik.com\/index.php\/renk\/#primaryimage\",\"inLanguage\":\"tr\",\"url\":\"http:\/\/yasinseramik.com\/wp-content\/uploads\/2022\/04\/beyaz-2_w180_h280.jpg\",\"contentUrl\":\"http:\/\/yasinseramik.com\/wp-content\/uploads\/2022\/04\/beyaz-2_w180_h280.jpg\",\"width\":180,\"height\":280},{\"@type\":\"WebPage\",\"@id\":\"http:\/\/yasinseramik.com\/index.php\/renk\/#webpage\",\"url\":\"http:\/\/yasinseramik.com\/index.php\/renk\/\",\"name\":\"Renk - Yasin Yap\u0131\",\"isPartOf\":{\"@id\":\"http:\/\/yasinseramik.com\/#website\"},\"primaryImageOfPage\":{\"@id\":\"http:\/\/yasinseramik.com\/index.php\/renk\/#primaryimage\"},\"datePublished\":\"2022-03-31T14:25:15+00:00\",\"dateModified\":\"2022-04-01T18:02:53+00:00\",\"breadcrumb\":{\"@id\":\"http:\/\/yasinseramik.com\/index.php\/renk\/#breadcrumb\"},\"inLanguage\":\"tr\",\"potentialAction\":[{\"@type\":\"ReadAction\",\"target\":[\"http:\/\/yasinseramik.com\/index.php\/renk\/\"]}]},{\"@type\":\"BreadcrumbList\",\"@id\":\"http:\/\/yasinseramik.com\/index.php\/renk\/#breadcrumb\",\"itemListElement\":[{\"@type\":\"ListItem\",\"position\":1,\"name\":\"Anasayfa\",\"item\":\"http:\/\/yasinseramik.com\/\"},{\"@type\":\"ListItem\",\"position\":2,\"name\":\"Renk\"}]}]}<\/script>\n<!-- \/ Yoast SEO plugin. -->","yoast_head_json":{"title":"Renk - Yasin Yap\u0131","robots":{"index":"index","follow":"follow","max-snippet":"max-snippet:-1","max-image-preview":"max-image-preview:large","max-video-preview":"max-video-preview:-1"},"canonical":"http:\/\/yasinseramik.com\/index.php\/renk\/","og_locale":"tr_TR","og_type":"article","og_title":"Renk - Yasin Yap\u0131","og_description":"Beyaz Bone Bej Gri F\u00fcme Kahve Mavi Siyah Ye\u015fil","og_url":"http:\/\/yasinseramik.com\/index.php\/renk\/","og_site_name":"Yasin Yap\u0131","article_modified_time":"2022-04-01T18:02:53+00:00","og_image":[{"url":"http:\/\/yasinseramik.com\/wp-content\/uploads\/2022\/04\/beyaz-2_w180_h280.jpg"}],"twitter_card":"summary_large_image","schema":{"@context":"https:\/\/schema.org","@graph":[{"@type":"Organization","@id":"http:\/\/yasinseramik.com\/#organization","name":"Yasin Yap\u0131","url":"http:\/\/yasinseramik.com\/","sameAs":[],"logo":{"@type":"ImageObject","@id":"http:\/\/yasinseramik.com\/#logo","inLanguage":"tr","url":"http:\/\/yasinseramik.com\/wp-content\/uploads\/2022\/03\/cropped-cropped-cropped-HH_preview_rev_1-1.png","contentUrl":"http:\/\/yasinseramik.com\/wp-content\/uploads\/2022\/03\/cropped-cropped-cropped-HH_preview_rev_1-1.png","width":196,"height":228,"caption":"Yasin Yap\u0131"},"image":{"@id":"http:\/\/yasinseramik.com\/#logo"}},{"@type":"WebSite","@id":"http:\/\/yasinseramik.com\/#website","url":"http:\/\/yasinseramik.com\/","name":"Yasin Yap\u0131","description":"Yap\u0131 Malzemeleri","publisher":{"@id":"http:\/\/yasinseramik.com\/#organization"},"potentialAction":[{"@type":"SearchAction","target":{"@type":"EntryPoint","urlTemplate":"http:\/\/yasinseramik.com\/?s={search_term_string}"},"query-input":"required name=search_term_string"}],"inLanguage":"tr"},{"@type":"ImageObject","@id":"http:\/\/yasinseramik.com\/index.php\/renk\/#primaryimage","inLanguage":"tr","url":"http:\/\/yasinseramik.com\/wp-content\/uploads\/2022\/04\/beyaz-2_w180_h280.jpg","contentUrl":"http:\/\/yasinseramik.com\/wp-content\/uploads\/2022\/04\/beyaz-2_w180_h280.jpg","width":180,"height":280},{"@type":"WebPage","@id":"http:\/\/yasinseramik.com\/index.php\/renk\/#webpage","url":"http:\/\/yasinseramik.com\/index.php\/renk\/","name":"Renk - Yasin Yap\u0131","isPartOf":{"@id":"http:\/\/yasinseramik.com\/#website"},"primaryImageOfPage":{"@id":"http:\/\/yasinseramik.com\/index.php\/renk\/#primaryimage"},"datePublished":"2022-03-31T14:25:15+00:00","dateModified":"2022-04-01T18:02:53+00:00","breadcrumb":{"@id":"http:\/\/yasinseramik.com\/index.php\/renk\/#breadcrumb"},"inLanguage":"tr","potentialAction":[{"@type":"ReadAction","target":["http:\/\/yasinseramik.com\/index.php\/renk\/"]}]},{"@type":"BreadcrumbList","@id":"http:\/\/yasinseramik.com\/index.php\/renk\/#breadcrumb","itemListElement":[{"@type":"ListItem","position":1,"name":"Anasayfa","item":"http:\/\/yasinseramik.com\/"},{"@type":"ListItem","position":2,"name":"Renk"}]}]}},"builder_content":"<a href=\"http:\/\/yasinseramik.com\/index.php\/beyaz\/\" > <img loading=\"lazy\" decoding=\"async\" width=\"180\" height=\"280\" src=\"http:\/\/yasinseramik.com\/wp-content\/uploads\/2022\/04\/beyaz-2_w180_h280.jpg\" title=\"beyaz-2_w180_h280\" alt=\"beyaz-2_w180_h280\"> <\/a>\n<p>Beyaz<\/p>\n<a href=\"http:\/\/yasinseramik.com\/index.php\/bone\" > <img loading=\"lazy\" decoding=\"async\" width=\"180\" height=\"280\" src=\"http:\/\/yasinseramik.com\/wp-content\/uploads\/2022\/04\/bone-1_w180_h280.jpg\" title=\"bone-1_w180_h280\" alt=\"bone-1_w180_h280\"> <\/a>\n<p>Bone<\/p>\n<a href=\"http:\/\/yasinseramik.com\/index.php\/bej\" > <img loading=\"lazy\" decoding=\"async\" width=\"180\" height=\"280\" src=\"http:\/\/yasinseramik.com\/wp-content\/uploads\/2022\/04\/bej-2_w180_h280.jpg\" title=\"bej-2_w180_h280\" alt=\"bej-2_w180_h280\"> <\/a>\n<p>Bej<\/p>\n<a href=\"http:\/\/yasinseramik.com\/index.php\/gri\" > <img loading=\"lazy\" decoding=\"async\" width=\"180\" height=\"280\" src=\"http:\/\/yasinseramik.com\/wp-content\/uploads\/2022\/04\/gri-2_w180_h280.jpg\" title=\"gri-2_w180_h280\" alt=\"gri-2_w180_h280\"> <\/a>\n<p>Gri<\/p>\n<a href=\"http:\/\/yasinseramik.com\/index.php\/fume\" > <img loading=\"lazy\" decoding=\"async\" width=\"160\" height=\"249\" src=\"http:\/\/yasinseramik.com\/wp-content\/uploads\/2022\/04\/fume_w180_h280.jpg\" title=\"fume_w180_h280\" alt=\"fume_w180_h280\"> <\/a>\n<p>F\u00fcme<\/p>\n<a href=\"http:\/\/yasinseramik.com\/index.php\/kahve\" > <img loading=\"lazy\" decoding=\"async\" width=\"180\" height=\"280\" src=\"http:\/\/yasinseramik.com\/wp-content\/uploads\/2022\/04\/kahve-2_w180_h280.jpg\" title=\"kahve-2_w180_h280\" alt=\"kahve-2_w180_h280\"> <\/a>\n<p>Kahve<\/p>\n<a href=\"http:\/\/yasinseramik.com\/index.php\/mavi\" > <img loading=\"lazy\" decoding=\"async\" width=\"180\" height=\"280\" src=\"http:\/\/yasinseramik.com\/wp-content\/uploads\/2022\/04\/mavi-1_w180_h280.jpg\" title=\"mavi-1_w180_h280\" alt=\"mavi-1_w180_h280\"> <\/a>\n<p>Mavi<\/p>\n<a href=\"http:\/\/yasinseramik.com\/index.php\/siyah\" > <img loading=\"lazy\" decoding=\"async\" width=\"180\" height=\"280\" src=\"http:\/\/yasinseramik.com\/wp-content\/uploads\/2022\/04\/siyah-1_w180_h280.jpg\" title=\"siyah-1_w180_h280\" alt=\"siyah-1_w180_h280\"> <\/a>\n<p>Siyah<\/p>\n<a href=\"http:\/\/yasinseramik.com\/index.php\/yesil\" > <img loading=\"lazy\" decoding=\"async\" width=\"160\" height=\"249\" src=\"http:\/\/yasinseramik.com\/wp-content\/uploads\/2022\/04\/yesil_w180_h280.jpg\" title=\"yesil_w180_h280\" alt=\"yesil_w180_h280\"> <\/a>\n<p>Ye\u015fil<\/p>\n","_links":{"self":[{"href":"http:\/\/yasinseramik.com\/index.php\/wp-json\/wp\/v2\/pages\/2008","targetHints":{"allow":["GET"]}}],"collection":[{"href":"http:\/\/yasinseramik.com\/index.php\/wp-json\/wp\/v2\/pages"}],"about":[{"href":"http:\/\/yasinseramik.com\/index.php\/wp-json\/wp\/v2\/types\/page"}],"author":[{"embeddable":true,"href":"http:\/\/yasinseramik.com\/index.php\/wp-json\/wp\/v2\/users\/1"}],"replies":[{"embeddable":true,"href":"http:\/\/yasinseramik.com\/index.php\/wp-json\/wp\/v2\/comments?post=2008"}],"version-history":[{"count":4,"href":"http:\/\/yasinseramik.com\/index.php\/wp-json\/wp\/v2\/pages\/2008\/revisions"}],"predecessor-version":[{"id":3045,"href":"http:\/\/yasinseramik.com\/index.php\/wp-json\/wp\/v2\/pages\/2008\/revisions\/3045"}],"wp:attachment":[{"href":"http:\/\/yasinseramik.com\/index.php\/wp-json\/wp\/v2\/media?parent=2008"}],"curies":[{"name":"wp","href":"https:\/\/api.w.org\/{rel}","templated":true}]}}