{"id":1516,"date":"2022-03-30T18:51:00","date_gmt":"2022-03-30T15:51:00","guid":{"rendered":"http:\/\/yasinseramik.com\/?page_id=1516"},"modified":"2022-03-30T19:13:36","modified_gmt":"2022-03-30T16:13:36","slug":"konsept-13","status":"publish","type":"page","link":"http:\/\/yasinseramik.com\/index.php\/konsept-13\/","title":{"rendered":"Konsept 13"},"content":{"rendered":"<!--themify_builder_content-->\n<div id=\"themify_builder_content-1516\" data-postid=\"1516\" class=\"themify_builder_content themify_builder_content-1516 themify_builder tf_clear\">\n    \t<!-- module_row -->\n\t<div  data-css_id=\"hugv599\" data-lazy=\"1\" class=\"module_row themify_builder_row fullwidth_row_container tb_hugv599 tb_first tf_clearfix\" >\n\t    \t\t<div class=\"row_inner col_align_bottom gutter-none col_auto_height col-count-1 direction-rtl tf_box tf_w tf_rel\"  data-desktop_dir=\"rtl\" data-tablet_dir=\"rtl\" data-tablet_landscape_dir=\"rtl\" data-basecol=\"1\" data-col_mobile=\"column-full\">\n\t\t\t<div  data-lazy=\"1\" class=\"module_column tb-column col-full first tb_e3t0599 tf_box\">\n\t\t\t    \t        <div class=\"tb-column-inner tf_box tf_w\">\n\t\t    \t<div  data-lazy=\"1\" class=\"module_subrow themify_builder_sub_row tb_zgmb600 tf_w tf_clearfix\">\n\t    \t\t<div class=\"subrow_inner col_align_middle gutter-none col-count-2 tf_box tf_w\"  data-basecol=\"2\" data-col_tablet=\"column4-2\" data-col_tablet_landscape=\"column4-2\" data-col_mobile=\"column-full\">\n\t\t\t<div  data-lazy=\"1\" class=\"sub_column module_column tf_box col2-1 first tb_lfe6601\"> \n\t    \t    \t        <div class=\"tb-column-inner tf_box tf_w\">\n\t\t    <!-- module image -->\n<div  class=\"module module-image tb_opoo601   image-center tf_mw\" data-lazy=\"1\" data-lax-optimize=\"true\" data-lax-translate-y=\"(vh*0.7) 0,(vh*0) -70\" data-lax-v-speed=\"1\" data-lax-no-op=\"true\" data-lax=\"true\" data-lax-anchor=\"self\">\n        <div class=\"image-wrap tf_rel tf_mw\">\n\t\t    <img loading=\"lazy\" decoding=\"async\" src=\"http:\/\/yasinseramik.com\/wp-content\/uploads\/2022\/03\/13-2-600x337.jpg\" width=\"600\" height=\"337\" class=\"wp-post-image wp-image-1463\" title=\"13 (2)\" alt=\"13 (2)\" srcset=\"http:\/\/yasinseramik.com\/wp-content\/uploads\/2022\/03\/13-2-600x337.jpg 600w, http:\/\/yasinseramik.com\/wp-content\/uploads\/2022\/03\/13-2-300x169.jpg 300w, http:\/\/yasinseramik.com\/wp-content\/uploads\/2022\/03\/13-2-768x432.jpg 768w, http:\/\/yasinseramik.com\/wp-content\/uploads\/2022\/03\/13-2.jpg 1000w\" sizes=\"auto, (max-width: 600px) 100vw, 600px\" \/>\t\n\t\t<\/div>\n\t<!-- \/image-wrap -->\n    \n    \t<\/div>\n<!-- \/module image -->\t        <\/div>\n\t    \t<\/div>\n\t\t<div  data-lazy=\"1\" class=\"sub_column module_column tf_box col2-1 last tb_879j601\"> \n\t    \t    \t        <div class=\"tb-column-inner tf_box tf_w\">\n\t\t    <!-- module text -->\n<div  class=\"module module-text tb_chsj601  repeat \" data-lazy=\"1\">\n        <div  class=\"tb_text_wrap\">\n    <h3>Banyo Konsepti<\/h3>\n<p>120 cm Banyo Dolab\u0131 ( Alt mod\u00fcl, Lavabo, ve \u00dcst ayna mod\u00fcl\u00fc olarak 5 par\u00e7adan olu\u015fur )<\/p>\n<p>Alt mod\u00fcl: En 120 cm Derinlik 43 cm\u00a0Y\u00fckseklik 82,5 cm<\/p>\n<p>Lavabo: Seramik<\/p>\n<p>\u00dcst mod\u00fcl: En 65 cm Y\u00fckseklik 98 cm\u00a0\u00a0Aynan\u0131n yan\u0131ndaki mod\u00fcl En 40 cm, Y\u00fckseklik 40 cm,\u00a0Derinlik 18 cm ( 2 adet )<\/p>    <\/div>\n<\/div>\n<!-- \/module text -->\t        <\/div>\n\t    \t<\/div>\n\t\t    <\/div>\n\t<\/div><!-- \/themify_builder_sub_row -->\n\t\t<div  data-lazy=\"1\" class=\"module_subrow themify_builder_sub_row tb_bzqr602 tf_w tf_clearfix\">\n\t    \t\t<div class=\"subrow_inner col_align_middle gutter-none col-count-2 tf_box tf_w\"  data-mobile_dir=\"rtl\" data-basecol=\"2\" data-col_tablet=\"column4-2\" data-col_tablet_landscape=\"column4-2\">\n\t\t\t<div  data-lazy=\"1\" class=\"sub_column module_column tf_box col2-1 first tb_7jgj602\"> \n\t    \t    \t<\/div>\n\t\t<div  data-lazy=\"1\" class=\"sub_column module_column tf_box col2-1 last tb_b8q8602\"> \n\t    \t    \t<\/div>\n\t\t    <\/div>\n\t<\/div><!-- \/themify_builder_sub_row -->\n\t\t        <\/div>\n\t    \t<\/div>\n\t\t    <\/div>\n\t    <!-- \/row_inner -->\n\t<\/div>\n\t<!-- \/module_row -->\n\t<\/div>\n<!--\/themify_builder_content-->","protected":false},"excerpt":{"rendered":"<p>Banyo Konsepti 120 cm Banyo Dolab\u0131 ( Alt mod\u00fcl, Lavabo, ve \u00dcst ayna mod\u00fcl\u00fc olarak 5 par\u00e7adan olu\u015fur ) Alt mod\u00fcl: En 120 cm Derinlik 43 cm\u00a0Y\u00fckseklik 82,5 cm Lavabo: Seramik \u00dcst mod\u00fcl: En 65 cm Y\u00fckseklik 98 cm\u00a0\u00a0Aynan\u0131n yan\u0131ndaki mod\u00fcl En 40 cm, Y\u00fckseklik 40 cm,\u00a0Derinlik 18 cm ( 2 adet )<\/p>\n","protected":false},"author":1,"featured_media":0,"parent":0,"menu_order":0,"comment_status":"closed","ping_status":"closed","template":"","meta":{"footnotes":""},"class_list":["post-1516","page","type-page","status-publish","hentry"],"yoast_head":"<!-- This site is optimized with the Yoast SEO plugin v18.4.1 - https:\/\/yoast.com\/wordpress\/plugins\/seo\/ -->\n<title>Konsept 13 - Yasin Yap\u0131<\/title>\n<meta name=\"robots\" content=\"index, follow, max-snippet:-1, max-image-preview:large, max-video-preview:-1\" \/>\n<link rel=\"canonical\" href=\"http:\/\/yasinseramik.com\/index.php\/konsept-13\/\" \/>\n<meta property=\"og:locale\" content=\"tr_TR\" \/>\n<meta property=\"og:type\" content=\"article\" \/>\n<meta property=\"og:title\" content=\"Konsept 13 - Yasin Yap\u0131\" \/>\n<meta property=\"og:description\" content=\"Banyo Konsepti 120 cm Banyo Dolab\u0131 ( Alt mod\u00fcl, Lavabo, ve \u00dcst ayna mod\u00fcl\u00fc olarak 5 par\u00e7adan olu\u015fur ) Alt mod\u00fcl: En 120 cm Derinlik 43 cm\u00a0Y\u00fckseklik 82,5 cm Lavabo: Seramik \u00dcst mod\u00fcl: En 65 cm Y\u00fckseklik 98 cm\u00a0\u00a0Aynan\u0131n yan\u0131ndaki mod\u00fcl En 40 cm, Y\u00fckseklik 40 cm,\u00a0Derinlik 18 cm ( 2 adet )\" \/>\n<meta property=\"og:url\" content=\"http:\/\/yasinseramik.com\/index.php\/konsept-13\/\" \/>\n<meta property=\"og:site_name\" content=\"Yasin Yap\u0131\" \/>\n<meta property=\"article:modified_time\" content=\"2022-03-30T16:13:36+00:00\" \/>\n<meta property=\"og:image\" content=\"http:\/\/yasinseramik.com\/wp-content\/uploads\/2022\/03\/13-2-600x337.jpg\" \/>\n<meta name=\"twitter:card\" content=\"summary_large_image\" \/>\n<script type=\"application\/ld+json\" class=\"yoast-schema-graph\">{\"@context\":\"https:\/\/schema.org\",\"@graph\":[{\"@type\":\"Organization\",\"@id\":\"http:\/\/yasinseramik.com\/#organization\",\"name\":\"Yasin Yap\u0131\",\"url\":\"http:\/\/yasinseramik.com\/\",\"sameAs\":[],\"logo\":{\"@type\":\"ImageObject\",\"@id\":\"http:\/\/yasinseramik.com\/#logo\",\"inLanguage\":\"tr\",\"url\":\"http:\/\/yasinseramik.com\/wp-content\/uploads\/2022\/03\/cropped-cropped-cropped-HH_preview_rev_1-1.png\",\"contentUrl\":\"http:\/\/yasinseramik.com\/wp-content\/uploads\/2022\/03\/cropped-cropped-cropped-HH_preview_rev_1-1.png\",\"width\":196,\"height\":228,\"caption\":\"Yasin Yap\u0131\"},\"image\":{\"@id\":\"http:\/\/yasinseramik.com\/#logo\"}},{\"@type\":\"WebSite\",\"@id\":\"http:\/\/yasinseramik.com\/#website\",\"url\":\"http:\/\/yasinseramik.com\/\",\"name\":\"Yasin Yap\u0131\",\"description\":\"Yap\u0131 Malzemeleri\",\"publisher\":{\"@id\":\"http:\/\/yasinseramik.com\/#organization\"},\"potentialAction\":[{\"@type\":\"SearchAction\",\"target\":{\"@type\":\"EntryPoint\",\"urlTemplate\":\"http:\/\/yasinseramik.com\/?s={search_term_string}\"},\"query-input\":\"required name=search_term_string\"}],\"inLanguage\":\"tr\"},{\"@type\":\"ImageObject\",\"@id\":\"http:\/\/yasinseramik.com\/index.php\/konsept-13\/#primaryimage\",\"inLanguage\":\"tr\",\"url\":\"http:\/\/yasinseramik.com\/wp-content\/uploads\/2022\/03\/13-2.jpg\",\"contentUrl\":\"http:\/\/yasinseramik.com\/wp-content\/uploads\/2022\/03\/13-2.jpg\",\"width\":1000,\"height\":562},{\"@type\":\"WebPage\",\"@id\":\"http:\/\/yasinseramik.com\/index.php\/konsept-13\/#webpage\",\"url\":\"http:\/\/yasinseramik.com\/index.php\/konsept-13\/\",\"name\":\"Konsept 13 - Yasin Yap\u0131\",\"isPartOf\":{\"@id\":\"http:\/\/yasinseramik.com\/#website\"},\"primaryImageOfPage\":{\"@id\":\"http:\/\/yasinseramik.com\/index.php\/konsept-13\/#primaryimage\"},\"datePublished\":\"2022-03-30T15:51:00+00:00\",\"dateModified\":\"2022-03-30T16:13:36+00:00\",\"breadcrumb\":{\"@id\":\"http:\/\/yasinseramik.com\/index.php\/konsept-13\/#breadcrumb\"},\"inLanguage\":\"tr\",\"potentialAction\":[{\"@type\":\"ReadAction\",\"target\":[\"http:\/\/yasinseramik.com\/index.php\/konsept-13\/\"]}]},{\"@type\":\"BreadcrumbList\",\"@id\":\"http:\/\/yasinseramik.com\/index.php\/konsept-13\/#breadcrumb\",\"itemListElement\":[{\"@type\":\"ListItem\",\"position\":1,\"name\":\"Anasayfa\",\"item\":\"http:\/\/yasinseramik.com\/\"},{\"@type\":\"ListItem\",\"position\":2,\"name\":\"Konsept 13\"}]}]}<\/script>\n<!-- \/ Yoast SEO plugin. -->","yoast_head_json":{"title":"Konsept 13 - Yasin Yap\u0131","robots":{"index":"index","follow":"follow","max-snippet":"max-snippet:-1","max-image-preview":"max-image-preview:large","max-video-preview":"max-video-preview:-1"},"canonical":"http:\/\/yasinseramik.com\/index.php\/konsept-13\/","og_locale":"tr_TR","og_type":"article","og_title":"Konsept 13 - Yasin Yap\u0131","og_description":"Banyo Konsepti 120 cm Banyo Dolab\u0131 ( Alt mod\u00fcl, Lavabo, ve \u00dcst ayna mod\u00fcl\u00fc olarak 5 par\u00e7adan olu\u015fur ) Alt mod\u00fcl: En 120 cm Derinlik 43 cm\u00a0Y\u00fckseklik 82,5 cm Lavabo: Seramik \u00dcst mod\u00fcl: En 65 cm Y\u00fckseklik 98 cm\u00a0\u00a0Aynan\u0131n yan\u0131ndaki mod\u00fcl En 40 cm, Y\u00fckseklik 40 cm,\u00a0Derinlik 18 cm ( 2 adet )","og_url":"http:\/\/yasinseramik.com\/index.php\/konsept-13\/","og_site_name":"Yasin Yap\u0131","article_modified_time":"2022-03-30T16:13:36+00:00","og_image":[{"url":"http:\/\/yasinseramik.com\/wp-content\/uploads\/2022\/03\/13-2-600x337.jpg"}],"twitter_card":"summary_large_image","schema":{"@context":"https:\/\/schema.org","@graph":[{"@type":"Organization","@id":"http:\/\/yasinseramik.com\/#organization","name":"Yasin Yap\u0131","url":"http:\/\/yasinseramik.com\/","sameAs":[],"logo":{"@type":"ImageObject","@id":"http:\/\/yasinseramik.com\/#logo","inLanguage":"tr","url":"http:\/\/yasinseramik.com\/wp-content\/uploads\/2022\/03\/cropped-cropped-cropped-HH_preview_rev_1-1.png","contentUrl":"http:\/\/yasinseramik.com\/wp-content\/uploads\/2022\/03\/cropped-cropped-cropped-HH_preview_rev_1-1.png","width":196,"height":228,"caption":"Yasin Yap\u0131"},"image":{"@id":"http:\/\/yasinseramik.com\/#logo"}},{"@type":"WebSite","@id":"http:\/\/yasinseramik.com\/#website","url":"http:\/\/yasinseramik.com\/","name":"Yasin Yap\u0131","description":"Yap\u0131 Malzemeleri","publisher":{"@id":"http:\/\/yasinseramik.com\/#organization"},"potentialAction":[{"@type":"SearchAction","target":{"@type":"EntryPoint","urlTemplate":"http:\/\/yasinseramik.com\/?s={search_term_string}"},"query-input":"required name=search_term_string"}],"inLanguage":"tr"},{"@type":"ImageObject","@id":"http:\/\/yasinseramik.com\/index.php\/konsept-13\/#primaryimage","inLanguage":"tr","url":"http:\/\/yasinseramik.com\/wp-content\/uploads\/2022\/03\/13-2.jpg","contentUrl":"http:\/\/yasinseramik.com\/wp-content\/uploads\/2022\/03\/13-2.jpg","width":1000,"height":562},{"@type":"WebPage","@id":"http:\/\/yasinseramik.com\/index.php\/konsept-13\/#webpage","url":"http:\/\/yasinseramik.com\/index.php\/konsept-13\/","name":"Konsept 13 - Yasin Yap\u0131","isPartOf":{"@id":"http:\/\/yasinseramik.com\/#website"},"primaryImageOfPage":{"@id":"http:\/\/yasinseramik.com\/index.php\/konsept-13\/#primaryimage"},"datePublished":"2022-03-30T15:51:00+00:00","dateModified":"2022-03-30T16:13:36+00:00","breadcrumb":{"@id":"http:\/\/yasinseramik.com\/index.php\/konsept-13\/#breadcrumb"},"inLanguage":"tr","potentialAction":[{"@type":"ReadAction","target":["http:\/\/yasinseramik.com\/index.php\/konsept-13\/"]}]},{"@type":"BreadcrumbList","@id":"http:\/\/yasinseramik.com\/index.php\/konsept-13\/#breadcrumb","itemListElement":[{"@type":"ListItem","position":1,"name":"Anasayfa","item":"http:\/\/yasinseramik.com\/"},{"@type":"ListItem","position":2,"name":"Konsept 13"}]}]}},"builder_content":"<img loading=\"lazy\" decoding=\"async\" src=\"http:\/\/yasinseramik.com\/wp-content\/uploads\/2022\/03\/13-2-600x337.jpg\" width=\"600\" height=\"337\" title=\"13 (2)\" alt=\"13 (2)\" srcset=\"http:\/\/yasinseramik.com\/wp-content\/uploads\/2022\/03\/13-2-600x337.jpg 600w, http:\/\/yasinseramik.com\/wp-content\/uploads\/2022\/03\/13-2-300x169.jpg 300w, http:\/\/yasinseramik.com\/wp-content\/uploads\/2022\/03\/13-2-768x432.jpg 768w, http:\/\/yasinseramik.com\/wp-content\/uploads\/2022\/03\/13-2.jpg 1000w\" sizes=\"auto, (max-width: 600px) 100vw, 600px\" \/>\n<h3>Banyo Konsepti<\/h3> <p>120 cm Banyo Dolab\u0131 ( Alt mod\u00fcl, Lavabo, ve \u00dcst ayna mod\u00fcl\u00fc olarak 5 par\u00e7adan olu\u015fur )<\/p> <p>Alt mod\u00fcl: En 120 cm Derinlik 43 cm\u00a0Y\u00fckseklik 82,5 cm<\/p> <p>Lavabo: Seramik<\/p> <p>\u00dcst mod\u00fcl: En 65 cm Y\u00fckseklik 98 cm\u00a0\u00a0Aynan\u0131n yan\u0131ndaki mod\u00fcl En 40 cm, Y\u00fckseklik 40 cm,\u00a0Derinlik 18 cm ( 2 adet )<\/p>","_links":{"self":[{"href":"http:\/\/yasinseramik.com\/index.php\/wp-json\/wp\/v2\/pages\/1516","targetHints":{"allow":["GET"]}}],"collection":[{"href":"http:\/\/yasinseramik.com\/index.php\/wp-json\/wp\/v2\/pages"}],"about":[{"href":"http:\/\/yasinseramik.com\/index.php\/wp-json\/wp\/v2\/types\/page"}],"author":[{"embeddable":true,"href":"http:\/\/yasinseramik.com\/index.php\/wp-json\/wp\/v2\/users\/1"}],"replies":[{"embeddable":true,"href":"http:\/\/yasinseramik.com\/index.php\/wp-json\/wp\/v2\/comments?post=1516"}],"version-history":[{"count":2,"href":"http:\/\/yasinseramik.com\/index.php\/wp-json\/wp\/v2\/pages\/1516\/revisions"}],"predecessor-version":[{"id":1587,"href":"http:\/\/yasinseramik.com\/index.php\/wp-json\/wp\/v2\/pages\/1516\/revisions\/1587"}],"wp:attachment":[{"href":"http:\/\/yasinseramik.com\/index.php\/wp-json\/wp\/v2\/media?parent=1516"}],"curies":[{"name":"wp","href":"https:\/\/api.w.org\/{rel}","templated":true}]}}